
2, 1877
Suppose -3*l + h = 370305, h = 5*l - 2*h + 617175. What are the prime factors of l/(-225) + (-2)/(-5)?
3, 61
Suppose 46*h + 138 = 43*h. Suppose 36 = -5*y - 24. List the prime factors of y/(5 - -1) + (1 - h).
3, 5
Let d(j) = j**3 + 16*j**2 + j - 36. Let q = -305 + 292. List the prime factors of d(q).
2, 229
Let l = 13264 - 6567. What are the prime factors of l?
37, 181
Let y be (2 + 20134)*4/8. Suppose 4*x = 16*x - y. List the prime factors of x.
839
Let b(n) = -1694*n**3 - 6*n**2 + 29*n + 66. List the prime factors of b(-2).
2, 3, 47
List the prime factors of (0 - -1442) + -2 + (-17)/((-170)/30).
3, 13, 37
Suppose 19*s = 15*s + 5*q + 498, -2*s + 264 = 5*q. Let d = s - -68. List the prime factors of d.
3, 5, 13
Let g(c) = -65*c - 1686. List the prime factors of g(-67).
17, 157
Suppose -4*p - 5*i = -142657, -11*i = 3*p - 13*i - 107010. What are the prime factors of p?
2, 37, 241
Suppose 1825596 = 127*q + 684247. List the prime factors of q.
11, 19, 43
Suppose -q + 371 = -21*z + 22*z, 0 = -2*z + 13*q + 652. What are the prime factors of z?
5, 73
Let q(f) = 2*f**2 - 7*f - 2. Let w = 26 - -53. Let p = 71 - w. What are the prime factors of q(p)?
2, 7, 13
Let g(r) = 1404*r + 1159. List the prime factors of g(11).
16603
Let q be ((-5)/4)/((-16)/(-64)). What are the prime factors of 362 + q/35*-7?
3, 11
Suppose 18*r + 180462 = 19*r + 18*r. What are the prime factors of r?
2, 3, 1583
Let x(k) = k**3 + k**2 - k - 3. Let q(m) = m**3 - m - 3. Let z(u) = 4*q(u) - 5*x(u). Let i be z(-5). Let t(g) = -46*g + 8. What are the prime factors of t(i)?
2, 5
Let d(l) = -2*l**3 - 2*l**2 - 10*l + 22. Let r be d(-7). Suppose 0 = 5*m - 3370 + r. List the prime factors of m.
2, 269
Suppose y = 4 + 1. Let o = 26 - y. Let v = o + 16. List the prime factors of v.
37
Let t be 24/(-18)*3/(-2). Let o(u) = -24*u - 11. Let r be o(t). Let f = 209 + r. List the prime factors of f.
2, 3, 5
Suppose -2*n = 3*q - 104012, 154734 = 4*n - 5*q - 53356. What are the prime factors of n?
5, 101, 103
Let v be (-395865)/180 + 1/4*1. Let l = -1533 - v. List the prime factors of l.
2, 3, 37
Let c(f) = f**3 + 4*f**2 + 3*f. Let d be c(-3). Suppose 150*h - 146*h - 728 = d. List the prime factors of h.
2, 7, 13
Let v(j) = j**3 + 11*j**2 + 19*j + 12. Let g be v(-9). Suppose -4*w + 5*i + 564 = 0, 6*w - 4*i - 424 = g*w. Let r = -96 + w. List the prime factors of r.
2, 5
Let u(b) = -5*b + 55. Let c be u(11). Let n be c*2*4/16. Suppose -2*k + n*k - 4*p = -240, 3*p = 4*k - 425. What are the prime factors of k?
2, 5, 11
Let k = 73 + -67. Suppose 0 = -4*q, 2*u - k*u = -5*q. Suppose -2*f + 4 = u, 2*v - 6*v + 5*f + 134 = 0. What are the prime factors of v?
2, 3
Suppose -542*m + 25368752 = -52132. List the prime factors of m.
2, 3, 7817
Let l(p) = 66*p**2 - 3*p + 2. Suppose -3*s + 5 = -2*q, -5*q + 0*s + 2*s + 15 = 0. Let g be -3 + 1 - (2 - q). List the prime factors of l(g).
5, 13
Let n = -8397 + 4200. Let j = -2845 - n. List the prime factors of j.
2, 13
Let q(s) = -s**3 + 6*s**2 + 2*s - 7. Let a be q(6). Suppose 3*y + 58 = r, 0*r + a*y - 61 = -2*r. Let d = r - 38. What are the prime factors of d?
5
Let u = -53 + 37. Let z = u + 14. What are the prime factors of (-4 - -7) + (z - -91)?
2, 23
Suppose 12*u + 1856 = -664. Let y = 441 - u. What are the prime factors of y?
3, 7, 31
Suppose 19 + 5 = 4*q - 2*b, -4*b = 5*q - 17. Suppose -6 = -3*p, -q*m + 2*p + 118 + 1413 = 0. List the prime factors of m.
307
What are the prime factors of 302712/10 - -1 - 2/110*11?
2, 11, 43
Suppose 5*d - 3*l - 4 = -0*l, -3*l = 3*d + 12. What are the prime factors of d/(13/(-1077)) - (-222)/1443?
83
Suppose 87*g = 86*g - 84. Let x be -1*(-2)/4 + g/168. Suppose s + x*s - 83 = 0. What are the prime factors of s?
83
Suppose -38*k + 28*k = 50*k - 326640. List the prime factors of k.
2, 1361
Let s be (-1 - ((-2 - -4) + -4)) + 1. Suppose u + 3*h - 60 = 83, s*u = -h + 306. List the prime factors of u.
5, 31
Suppose -2*g - 3 = -3*r, -3*r - 2*r - 4*g + 27 = 0. Suppose -r*l = -3*u + 33, -u = u + 2. List the prime factors of (-1696)/(-28) + l/(-28).
61
Let v(r) = -5 + 2*r**2 + r**2 + 3 - 6*r - 4*r**2. Suppose 26 - 166 = 35*g. List the prime factors of v(g).
2, 3
Let w(r) be the second derivative of -r**5/20 - r**4 + 13*r**3/3 - 5*r**2 - 74*r. List the prime factors of w(-14).
2, 3
Let a be (-18)/(-4)*(-140)/(-42). Let i be (16/3)/(-5 - (-85)/a). Suppose 11*r - i*r = c - 129, 4*r = 4*c - 508. What are the prime factors of c?
2, 3, 7
Let l(x) = -10349*x - 17946. List the prime factors of l(-9).
3, 5, 557
Suppose 4*d = 2*i + 1034, 3*d + 2*i - 1231 = -452. Let h = -418 - -281. Let q = d + h. List the prime factors of q.
2, 61
Let z be 3 + 408 + 1 - (-8 - -6). Let g = -44 + z. List the prime factors of g.
2, 5, 37
Let r(l) = -1. Let u(n) be the first derivative of 7*n**2 - 7*n - 12. Let c(j) = -2*r(j) + u(j). What are the prime factors of c(3)?
37
Suppose 0 = 4*j - n - 206379 + 43301, j - 5*n - 40798 = 0. List the prime factors of j.
2, 7, 13
Let c(o) = o + 60. Let p be c(0). Let d be 2/(-4)*p/((-6)/(-3)). What are the prime factors of (60/(-16) - -4) + d/(-4)?
2
Let z(t) = 16*t**3 - 5*t**2 + 3*t - 2. Let p be z(2). Let b = p - 112. What are the prime factors of 10*(-3 - b)*1/(-1)?
2, 3, 5
Let a(p) = 31*p - 8. Let y be a(1). Suppose -22*n + y*n - 217 = 0. List the prime factors of n.
7, 31
Let a = -657 - -1203. Let q = -342 + a. Suppose 29*z = 32*z - q. List the prime factors of z.
2, 17
Suppose -p + 2 = -4*h + 72, -p - 5*h = 106. Let m = 73 - p. List the prime factors of m.
3, 53
Let f be 2/(-3) - (-177436)/42. Suppose -2*l + f = 10*l. What are the prime factors of l?
2, 11
Let i(h) = 199*h**2 + 2*h + 276. List the prime factors of i(14).
2, 31, 317
Let l(i) = -i**3 + 20*i**2 - i + 15. Let u(v) = v + 13. Let x be u(7). Let f be l(x). List the prime factors of -2 - ((3 - 3) + f).
3
Suppose 5*r - 2*w + 0*w = 0, 0 = -5*w + 25. Suppose 0 = r*c, -4*k - 3*c = k. Suppose -3*g + 173 = -4*x - 79, k = -5*x + 15. List the prime factors of g.
2, 11
Suppose i - 41131 = -5*g - 2*i, -2*g + 16454 = 2*i. What are the prime factors of g?
5, 7, 47
Suppose -171 = -5*r + 1514. Suppose 5*g - 318 = r. Suppose 5*v + g - 21 = j, 2*v - 550 = -4*j. What are the prime factors of j?
3, 5
List the prime factors of 14/(-49) - 277516/(-28) - -8.
7, 13, 109
Let i(n) = 5*n**2 + 13*n - 576. List the prime factors of i(22).
2, 3, 5, 71
Let d(i) = i**2 + 12*i - 13. Suppose -2*o + 22 = 3*b, 2*o - 7 = 3. Suppose b*j - 85 = 9*j. List the prime factors of d(j).
2, 3
Let d be 13 - 7/((-14)/(-8)). Suppose -d = -2*w - 5. Suppose 0 = 2*h - w*j - 72, -j - 36 = -2*h + 34. List the prime factors of h.
2, 17
Suppose 3*h = 5*x - 40 + 3, x = h + 7. Let w(f) = 10*f - 10. List the prime factors of w(x).
2, 5, 7
Let g = -26 - -14. Let i = 17 - g. Let u = 10 + i. List the prime factors of u.
3, 13
Suppose -57*k = -51*k - 66930. What are the prime factors of k?
5, 23, 97
Let g(b) = b**3 - 45*b**2 + 86*b + 6. Let l be g(43). Suppose a = 5*k - 8672, -l*k + 3*a = -8*k + 3462. List the prime factors of k.
2, 3, 17
Suppose 19*g = 20*g - 1180. Suppose 2*f + 3*p = 623 + g, -4527 = -5*f - p. What are the prime factors of f?
2, 3, 151
Suppose 0 = -u - 5, -2*s + 11289 = -93*u + 94*u. List the prime factors of s.
5647
Let c(j) = -16*j + 88. Let a be c(5). Suppose -3962 + 322 = -a*o. List the prime factors of o.
5, 7, 13
Let u(z) = 847*z + 207. List the prime factors of u(1).
2, 17, 31
Let m = -37301 - -56171. List the prime factors of m.
2, 3, 5, 17, 37
Suppose -y - j + 10430 = 0, -2*y = 3*y - 4*j - 52186. What are the prime factors of y?
2, 3, 37, 47
List the prime factors of (799*(-1)/3)/(460/(-1380)).
17, 47
Suppose -2*u - 10963 = -i, 14*i + u = 19*i - 54878. List the prime factors of i.
3, 3659
Let b = 39 + -38. Let g be -1*b + (1 - -84)/5. Let f(i) = -i**2 + 27*i - 39. List the prime factors of f(g).
137
Let v(i) = 10 + 5*i**2 + 2*i - 9*i**2 - 5 + 5*i**2. Let y be v(0). Let c(a) = 3*a**2 - 3*a + 5. List the prime factors of c(y).
5, 13
Let v = 132 - 147. List the prime factors of (-1740)/v*7/4.
7, 29
Let x(b) = 831*b**2 - 103*b - 592. What are the prime factors of x(-6)?
2, 11, 1361
Let o(f) = -f**3 + 41*f**2 + 46*f - 97. Let b be o(42). Let k = 4 + -11. Let w = b + k. List the prime factors of w.
